 14 - s. List the prime factors of o.
5, 13
Suppose 2*f = 4*s - 834, 688 = -f + s + 267. List the prime factors of (3070/(-4))/((f/34)/25).
5, 307
Let r(q) = 743*q**2 + 14*q. Let m(p) = -186*p**2 - 3*p. Let b(c) = -9*m(c) - 2*r(c). What are the prime factors of b(-1)?
3, 7
Suppose -206*q = -155*q + 2652. Let o = 168 + -49. Let w = q + o. What are the prime factors of w?
67
Suppose 3*v = -18, 3*u - 441*v - 60090 = -440*v. List the prime factors of u.
2, 3, 1669
Let h be 4/28 + 8874/63. Suppose 5*a = 9*y - 7*y + 235, 0 = -3*a + 3*y + h. List the prime factors of a.
47
Suppose -13*t + 12*t = -3*u + 6, -2*u = 3*t + 7. Let c(s) = -5*s**3 - s**2 + 96*s**3 + 2 + 20*s**3 - s. What are the prime factors of c(u)?
3, 37
Let c = 67 - 24. Let j = c + -28. Let x = 36 - j. List the prime factors of x.
3, 7
What are the prime factors of 832/(-936) - (-494860)/45?
2, 2749
Let p be (-18 - 31)*(-15)/(2 - 5). Let k = 494 + p. What are the prime factors of k?
3, 83
Suppose -3*f + 12 = 3*f. Suppose 0*z - 4*g - f = 3*z, 4*g + 38 = 3*z. List the prime factors of ((-10)/15)/(z/(-963)).
107
Let m(y) = 9948*y**3 - 4*y**2 + 9. List the prime factors of m(2).
17, 31, 151
Suppose 0 = 4*p + c + 2457 - 22042, -4*p = -3*c - 19565. What are the prime factors of p?
5, 11, 89
Suppose -4*n + 3*n + 5*x = -92879, -x + 6 = 0. List the prime factors of n.
53, 1753
Suppose -z + 2*y = -109, 0*y - 4*y - 331 = -3*z. Let h be (-30)/4*(600/(-36))/25. Suppose -w - h*j = -39, j - z = -2*w - 2*j. List the prime factors of w.
2
Let n = -12671 + 25165. List the prime factors of n.
2, 6247
Let b be 1255*(11/(-5) - -3). Suppose -b = -16*s + 404. Suppose -a + s - 12 = 0. List the prime factors of a.
2, 19
Suppose 20*y + 17 = 3*y. List the prime factors of y/(-7) - 27570/(-70).
2, 197
Suppose 0 = 3*c + 5*o - 13622, 0 = -3*c - 3*o + 6329 + 7285. List the prime factors of c.
2, 2267
Suppose 31 - 1 = -k. What are the prime factors of 23572/60 - 4/k?
3, 131
Let p = 222 - 209. Let f(y) = 15*y**2 + 2*y + 1. Let h be f(-1). Suppose h*c = p*c + 81. List the prime factors of c.
3
Suppose 22*r - f - 119704 = 18*r, 3*f = -2*r + 59866. What are the prime factors of r?
29927
Suppose 29*f = 44716 + 226052 + 428045. What are the prime factors of f?
24097
Suppose 51*l - 130*l = 160*l - 3701154. What are the prime factors of l?
2, 3, 29, 89
Let o(k) = k**3 + 11*k**2 + 11*k + 7. Let w be o(-10). Let f be 35/(-5) + (0 - -1)*w. List the prime factors of (-75)/f + (-3)/2.
2, 3
Suppose 0 = 1922*o - 1933*o + 47278. What are the prime factors of o?
2, 7, 307
Let o(m) = -5*m + 8. Let s(n) = -n**3 - 13*n**2 - 21*n + 11. Let t be s(-11). Let j be o(t). Suppose -6*f = -j*f + 306. List the prime factors of f.
3, 17
Suppose 14*u = 17*u - 12. Suppose l = u*a + 9, 0 = 3*a - 5*l + 21 + 7. What are the prime factors of -26*(a/5)/((-6)/(-195))?
13
Let n be -3 - -34*(2 - 6 - -5). Suppose 6456 = 43*r - n*r. What are the prime factors of r?
2, 269
Let u(q) = -142*q**2. Let z be u(-1). Let x = 226 + z. What are the prime factors of x?
2, 3, 7
Suppose 2*g - 2362 = -342. List the prime factors of g.
2, 5, 101
Let h(f) = f**2 - 4*f + 15. Let y = 53 + -58. Let n be (-20)/y + -2 - 8. What are the prime factors of h(n)?
3, 5
Suppose -1 = -2*q + 5*p + 9, -2*p + 5 = q. Suppose -740 = -q*o - f + 230, 0 = -2*f. List the prime factors of o.
2, 97
Suppose 0*b + 4*b + k = 59414, -k + 29708 = 2*b. What are the prime factors of b?
3, 4951
Let l(g) = -34 + 290*g - 257*g - 80. List the prime factors of l(12).
2, 3, 47
Let o(c) = -2*c**3 + 12*c**2 + 3*c - 11. Let b be o(6). What are the prime factors of 3*7/147 + 10996/b?
1571
Suppose -38 + 18 = -5*y. Suppose -y*u + 718 = -182. List the prime factors of u.
3, 5
Let u(p) = -1990*p - 2949. List the prime factors of u(-14).
29, 859
Suppose 0 = 16*b - 13*b, -2*n + 2628 = -3*b. Suppose 10*i = i + n. What are the prime factors of i?
2, 73
Let d be 516/3*(-1)/(-4). Suppose 53*q - 1100 = d*q. What are the prime factors of q?
2, 5, 11
Let t(s) = 9*s**2 + 4*s - 16. Let m(f) = -5*f**2 - 2*f + 7. Let x(q) = 7*m(q) + 4*t(q). Let k(h) = -3*h + 1. Let u be k(-2). What are the prime factors of x(u)?
2, 3
Suppose 3*n = 3*m + 29169, -69*m + 48627 = 5*n - 70*m. List the prime factors of n.
2, 3, 1621
Let s(o) = 7*o + 202. Suppose 90 = 5*z - 75. Let d = z + -33. List the prime factors of s(d).
2, 101
Let y(m) = -3*m - 14. Let a be y(-6). Let u be 6/2*(-3 + a). Let o(z) = 3*z**3 - 3. What are the prime factors of o(u)?
2, 3, 13
Suppose 5*c - c - 12 = 0. Suppose c*l - l - 4*r = 738, 0 = 2*l - r - 723. What are the prime factors of l?
359
Let x(l) be the second derivative of l**5/20 + 5*l**4/6 - l**3/6 - 5*l**2 - 17*l. Let v be x(-10). Suppose v*h - 6*h = -1074. What are the prime factors of h?
179
Let d(y) = -6*y + 154. Let r be d(16). List the prime factors of (-1 + r)/(11/((-2926)/(-21))).
2, 19
Let h(m) be the first derivative of -m**4/4 - m**3/3 + m**2/2 + m - 15. Let f be h(-2). Suppose 264 = -f*s + 9*s. What are the prime factors of s?
2, 11
Suppose 3*f - 5*l - 20 = 0, -3*l + 4 = 7. Suppose 2*o + 0*b - 154 = -2*b, -397 = -f*o - 2*b. Suppose o = 8*u - 7*u. What are the prime factors of u?
3
Let x = 4669 - 976. Let y = x - 2148. List the prime factors of y.
3, 5, 103
What are the prime factors of -27644*11/(7 + -18)?
2, 6911
Let a(n) = -n**2 - 12*n - 27. Let f be a(-13). Let p = f + 44. Suppose -p*t - 212 = -3*u, 2*u = -3*u - t + 338. What are the prime factors of u?
2, 17
Let x(z) = -5*z**3 + 3*z**2 - z. Let n be x(2). Let k = -24 - n. Suppose -402 + 42 = -k*f. What are the prime factors of f?
2, 3, 5
Let u(a) = -60*a + 1417. List the prime factors of u(-11).
31, 67
Let d be ((-6)/4)/((-6)/36). Suppose -10*q = h - d*q - 261, 3*h - 5*q - 751 = 0. Suppose -9*r + 1931 = h. What are the prime factors of r?
2, 3, 31
Let u = -34 + 35. List the prime factors of (1 - -175) + 4 - u.
179
Let y(j) = 25*j + 44 - 14*j - j**3 + j + 2*j**2. List the prime factors of y(-8).
2, 3, 7
Let h = -32 + 62. Suppose -5*g = -5*k + 4*k - 1, -4*k + h = -3*g. Let p(q) = 7*q - 15. What are the prime factors of p(k)?
2, 3
Let x = 50 - 46. Suppose -4*n - r = -2107, -9*n = -x*n + r - 2634. List the prime factors of (-8)/(-48) + n/6.
2, 11
Let a = 1080 + -485. Suppose 0 = -5*f + 4*b + 980, 4*f = f + b + a. List the prime factors of f.
2, 5
Suppose 0 = 5*h + g + 3944, 4*h = 3*h + 5*g - 794. Let d = h + 1680. What are the prime factors of d?
3, 11
Suppose -4*o = 5*u - 23, o + o - 3*u = -5. Suppose -g - 9 = o*g, -4*g = 4*p - 4. Suppose 330 = p*c + 2*h, -375 = -5*c - h + 6*h. List the prime factors of c.
2, 5
Suppose -215*b = -4014819 - 4223336. What are the prime factors of b?
38317
Suppose -370 = -6*i - 5764. Let w = i - -1543. What are the prime factors of w?
2, 7, 23
Suppose 721 + 1349 = 5*i. Let l be (882/(-36))/49*(-3 - 1). Suppose 0*k + l*k = i. What are the prime factors of k?
3, 23
Suppose 0 = -4608*v + 4598*v + 448390. What are the prime factors of v?
44839
Let o = -28 + 3328. What are the prime factors of o?
2, 3, 5, 11
Let z(d) be the third derivative of -1/10*d**5 + 1/120*d**6 + 0*d - 5/3*d**3 + 0 - 7/24*d**4 + 6*d**2. What are the prime factors of z(8)?
2, 31
Suppose 60023 = 37*v - 129750. List the prime factors of v.
23, 223
Suppose -127*f = -261*f + 3988644. What are the prime factors of f?
2, 3, 11, 41
Let v(h) = -h**3 - 3*h**2 + 17*h + 14. Let r be v(-7). List the prime factors of ((-264)/10)/(r/(-30) + 3).
2, 3, 11
Let s(g) be the third derivative of g**5/60 - g**4/8 + g**3/2 + g**2. Let r be (8/48*0)/(1 + 1). List the prime factors of s(r).
3
Let v = 350 - 350. Suppose 4*n - 14*o + 11*o - 5766 = v, 2*n + 3*o = 2874. List the prime factors of n.
2, 3, 5
Suppose -3*m + u + u + 28917 = 0, 3*u = m - 9639. Suppose m + 5265 = 24*w. What are the prime factors of w?
3, 23
Suppose 2*p + 228 = k, 5*k = 5*p + 457 + 113. Let s = 136 + p. List the prime factors of s.
2, 11
List the prime factors of (26 + -2)*(-10 + 657)*4/12.
2, 647
Suppose -4*q + 6 = t, 3*q - 4*t - 5 = -5*t. Let d be ((-42)/10)/(1/5*q). Let u(i) = -3*i + 25. What are the prime factors of u(d)?
2, 11
Let s(o) = -o**3 - 4*o**2 + 11*o + 1. Let d be s(-6). What are the prime factors of 2*(-94)/(-4) - d?
2, 5
Let m be ((-9)/((-90)/(-20)))/((-2)/(-5)). What are the prime factors of 1 